{"id":944,"date":"2011-02-11T22:09:55","date_gmt":"2011-02-11T22:09:55","guid":{"rendered":"http:\/\/www.anatra.cz\/?page_id=944"},"modified":"2020-07-25T16:28:43","modified_gmt":"2020-07-25T15:28:43","slug":"hadry","status":"publish","type":"page","link":"https:\/\/anatra.cz\/?page_id=944","title":{"rendered":"Hadry"},"content":{"rendered":"<h3>Hadr PETR na podlahu visk\u00f3za<\/h3>\n<p style=\"text-align: left;\"><a href=\"http:\/\/www.anatra.cz\/wp-content\/uploads\/XenseSanitary.jpg\"><\/a><a href=\"http:\/\/www.anatra.cz\/wp-content\/uploads\/hadr-PETR-na-podlahu.jpg\"><img decoding=\"async\" class=\"alignleft size-full wp-image-946\" title=\"hadr PETR na podlahu\" src=\"http:\/\/www.anatra.cz\/wp-content\/uploads\/hadr-PETR-na-podlahu.jpg\" alt=\"\" width=\"150\" height=\"150\" \/><\/a><\/p>\n<p>&#160;<\/p>\n<p style=\"text-align: left;\">Balen\u00ed: jednotliv\u011b<\/p>\n<p style=\"text-align: left;\">Barva: oran\u017eov\u00e1, modr\u00e1, zelen\u00e1<\/p>\n<p style=\"text-align: left;\">Rozm\u011br: 50 x 60 cm<\/p>\n<p style=\"text-align: left;\">Rozm\u011br: 60 x 70 cm<\/p>\n<hr \/>\n<h3>Hadr VAFLO na podlahu tkan\u00fd<\/h3>\n<p style=\"text-align: left;\"><a href=\"http:\/\/www.anatra.cz\/wp-content\/uploads\/XenseSanitary.jpg\"><\/a><a href=\"http:\/\/www.anatra.cz\/wp-content\/uploads\/hadr-na-podlahu-tkan\u00fd.jpg\"><img decoding=\"async\" class=\"alignleft size-full wp-image-947\" title=\"hadr na podlahu tkan\u00fd\" src=\"http:\/\/www.anatra.cz\/wp-content\/uploads\/hadr-na-podlahu-tkan\u00fd.jpg\" alt=\"\" width=\"150\" height=\"150\" \/><\/a><\/p>\n<p>&#160;<\/p>\n<p style=\"text-align: left;\">Balen\u00ed: jednotliv\u011b<\/p>\n<p style=\"text-align: left;\">Rozm\u011br: 50 x 60 cm<\/p>\n<p style=\"text-align: left;\">Rozm\u011br: 60 x 70 cm<\/p>\n<p style=\"text-align: left;\">Rozm\u011br: 60 x 90 cm<\/p>\n<hr \/>\n<h3>Hadr na podlahu netkan\u00fd b\u00edl\u00fd<\/h3>\n<p style=\"text-align: left;\"><a href=\"http:\/\/www.anatra.cz\/wp-content\/uploads\/XenseSanitary.jpg\"><\/a><a href=\"http:\/\/www.anatra.cz\/wp-content\/uploads\/hadr-na-podlahu-netkan\u00fd.jpg\"><img decoding=\"async\" class=\"alignleft size-full wp-image-948\" title=\"hadr na podlahu netkan\u00fd\" src=\"http:\/\/www.anatra.cz\/wp-content\/uploads\/hadr-na-podlahu-netkan\u00fd.jpg\" alt=\"\" width=\"150\" height=\"150\" srcset=\"https:\/\/anatra.cz\/wp-content\/uploads\/hadr-na-podlahu-netkan\u00fd.jpg 225w, https:\/\/anatra.cz\/wp-content\/uploads\/hadr-na-podlahu-netkan\u00fd-150x150.jpg 150w\" sizes=\"(max-width: 150px) 100vw, 150px\" \/><\/a><\/p>\n<p>&#160;<\/p>\n<p style=\"text-align: left;\">Balen\u00ed: jednotliv\u011b<\/p>\n<p style=\"text-align: left;\">Rozm\u011br: 54 x 65 cm<\/p>\n<p style=\"text-align: left;\">Rozm\u011br: 52 x 70 cm<\/p>\n<p style=\"text-align: left;\">Rozm\u011br: 52 x 90 cm<\/p>\n<hr \/>\n","protected":false},"excerpt":{"rendered":"<p>Hadr PETR na podlahu visk\u00f3za &#160; Balen\u00ed: jednotliv\u011b Barva: oran\u017eov\u00e1, modr\u00e1, zelen\u00e1 Rozm\u011br: 50 x 60 cm Rozm\u011br: 60 x 70 cm Hadr VAFLO na podlahu tkan\u00fd &#160; Balen\u00ed: jednotliv\u011b Rozm\u011br: 50 x 60 cm Rozm\u011br: 60 x 70 cm Rozm\u011br: 60 x 90 cm Hadr na podlahu netkan\u00fd b\u00edl\u00fd &#160; Balen\u00ed: jednotliv\u011b Rozm\u011br: 54 <a href=\"https:\/\/anatra.cz\/?page_id=944\" rel=\"nofollow\"><span class=\"sr-only\">P\u0159e\u010d\u00edst si v\u00edc oHadry<\/span>[&#8230;]<\/a><\/p>\n","protected":false},"author":1,"featured_media":0,"parent":0,"menu_order":0,"comment_status":"closed","ping_status":"closed","template":"","meta":{"footnotes":""},"class_list":["post-944","page","type-page","status-publish","hentry"],"_links":{"self":[{"href":"https:\/\/anatra.cz\/index.php?rest_route=\/wp\/v2\/pages\/944","targetHints":{"allow":["GET"]}}],"collection":[{"href":"https:\/\/anatra.cz\/index.php?rest_route=\/wp\/v2\/pages"}],"about":[{"href":"https:\/\/anatra.cz\/index.php?rest_route=\/wp\/v2\/types\/page"}],"author":[{"embeddable":true,"href":"https:\/\/anatra.cz\/index.php?rest_route=\/wp\/v2\/users\/1"}],"replies":[{"embeddable":true,"href":"https:\/\/anatra.cz\/index.php?rest_route=%2Fwp%2Fv2%2Fcomments&post=944"}],"version-history":[{"count":13,"href":"https:\/\/anatra.cz\/index.php?rest_route=\/wp\/v2\/pages\/944\/revisions"}],"predecessor-version":[{"id":5665,"href":"https:\/\/anatra.cz\/index.php?rest_route=\/wp\/v2\/pages\/944\/revisions\/5665"}],"wp:attachment":[{"href":"https:\/\/anatra.cz\/index.php?rest_route=%2Fwp%2Fv2%2Fmedia&parent=944"}],"curies":[{"name":"wp","href":"https:\/\/api.w.org\/{rel}","templated":true}]}}