{"id":5320,"date":"2020-06-13T17:06:04","date_gmt":"2020-06-13T16:06:04","guid":{"rendered":"http:\/\/www.anatra.cz\/?page_id=5320"},"modified":"2020-06-13T17:20:00","modified_gmt":"2020-06-13T16:20:00","slug":"vlasove-sampony","status":"publish","type":"page","link":"https:\/\/anatra.cz\/?page_id=5320","title":{"rendered":"Vlasov\u00e9 \u0161ampony"},"content":{"rendered":"<h3>ISOLDA HERBAL vlasov\u00fd \u0161amp\u00f3n<\/h3>\n<p><a href=\"http:\/\/www.anatra.cz\/wp-content\/uploads\/Isolda_herbal_500ml.png\"><img decoding=\"async\" class=\"alignleft size-medium wp-image-5323\" src=\"http:\/\/www.anatra.cz\/wp-content\/uploads\/Isolda_herbal_500ml-95x300.png\" alt=\"\" width=\"75\" height=\"197\" \/><\/a><\/p>\n<p>&nbsp;<\/p>\n<p>&nbsp;<\/p>\n<p style=\"text-align: left;\">Balen\u00ed: 500 ml<\/p>\n<p style=\"text-align: justify;\">Vlasov\u00fd \u0161ampon s v\u016fn\u00ed bylin. Je vysoce koncentrovan\u00fd s dobrou myc\u00ed schopnost\u00ed. Aktivn\u011b o\u0161et\u0159uje povrch vlas\u016f a usnad\u0148uje jejich roz\u010des\u00e1v\u00e1n\u00ed. D\u00edky vhodn\u011b kombinovan\u00e9mu pom\u011bru jednotliv\u00fdch slo\u017eek vytv\u00e1\u0159\u00ed bohatou p\u011bnu, kter\u00e1 d\u016fkladn\u011b, av\u0161ak \u0161etrn\u011b sm\u00fdv\u00e1 ne\u010distoty z vlas\u016f.<\/p>\n<p>&nbsp;<\/p>\n<hr \/>\n<h3>ISOLDA vlasov\u00fd \u0161amp\u00f3n &#8211; b\u0159\u00edza &amp; kop\u0159iva<\/h3>\n<p><a href=\"http:\/\/www.anatra.cz\/wp-content\/uploads\/Isolda_briza_kopriva_500ml.png\"><img decoding=\"async\" class=\"alignleft size-medium wp-image-5325\" src=\"http:\/\/www.anatra.cz\/wp-content\/uploads\/Isolda_briza_kopriva_500ml-136x300.png\" alt=\"\" width=\"75\" height=\"197\" \/><\/a><\/p>\n<p>&nbsp;<\/p>\n<p>&nbsp;<\/p>\n<p style=\"text-align: left;\">Balen\u00ed: 500 ml click&amp;go<\/p>\n<p style=\"text-align: justify;\">\u200b\u200bVlasov\u00fd \u0161amp\u00f3n vyv\u00e1\u017een\u00e9 receptury s extrakty b\u0159\u00edzy a kop\u0159ivy p\u016fsob\u00ed blahod\u00e1rn\u011b na v\u00fd\u017eivu vlasov\u00fdch ko\u0159\u00ednk\u016f a na r\u016fst vlas\u016f. Tyto jedine\u010dn\u00e9 byliny pat\u0159\u00ed byliny na ochranu poko\u017eky hlavy a struktury vlas\u016f.<\/p>\n<p style=\"text-align: justify;\">\u200b\u200bV\u00fdzkum prok\u00e1zal, \u017ee pou\u017e\u00edv\u00e1n\u00ed produkt\u016f, obsahuj\u00edc\u00edch v\u00fdluh z t\u011bchto rostlin mohou inhibovat nebo sni\u017eovat produkci hormonu DHT, kter\u00fd je prim\u00e1rn\u011b zodpov\u011bdn\u00fd za nadm\u011brn\u00e9 vypad\u00e1v\u00e1n\u00ed vlas\u016f.<br \/>\nPou\u017e\u00edv\u00e1n\u00ed \u0161amponu tak\u00e9 zvy\u0161uje jejich lesk, dod\u00e1v\u00e1 vlas\u016fm hebkost, pevnost a pru\u017enost a oddaluje jejich ma\u0161t\u011bn\u00ed. Extrakty t\u011bchto bylin maj\u00ed stimuluj\u00edc\u00ed a posiluj\u00edc\u00ed \u00fa\u010dinek na poko\u017eku hlavy a potla\u010duj\u00ed tvorbu lup\u016f.<\/p>\n<p style=\"text-align: justify;\">\u200b\u200b\u0160amp\u00f3n je \u0161etrn\u00fd k vlas\u016fm a jeho i dlouhodob\u00e9 pou\u017e\u00edv\u00e1n\u00ed je vhodn\u00e9 pro pos\u00edlen\u00ed vlas\u016f.<\/p>\n<hr \/>\n<h3>ISOLDA SILVER LINE HAIR &amp; BODY SHAMPOO<\/h3>\n<p><a href=\"http:\/\/www.anatra.cz\/wp-content\/uploads\/Isolda_hair-body_silver_500ml.png\"><img decoding=\"async\" class=\"alignleft size-medium wp-image-5316\" src=\"http:\/\/www.anatra.cz\/wp-content\/uploads\/Isolda_hair-body_silver_500ml-139x300.png\" alt=\"\" width=\"75\" height=\"197\" \/><\/a> <a href=\"http:\/\/www.anatra.cz\/wp-content\/uploads\/Isolda_hair_body_silver_line_5L.png\"><img decoding=\"async\" class=\"alignleft size-medium wp-image-5315\" src=\"http:\/\/www.anatra.cz\/wp-content\/uploads\/Isolda_hair_body_silver_line_5L-228x300.png\" alt=\"\" width=\"133\" height=\"197\" \/><\/a><\/p>\n<p>&nbsp;<\/p>\n<p style=\"text-align: left;\">Balen\u00ed: 500 ml click&amp;go, 5 l<\/p>\n<p style=\"text-align: justify;\">\u200bLuxusn\u00ed kr\u00e9mov\u00fd, t\u011blov\u00fd a vlasov\u00fd \u0161amp\u00f3n s vyv\u00e1\u017eenou recepturou a v\u00fdbornou derm\u00e1ln\u00ed sn\u00e1\u0161enlivost\u00ed. Kvalita a \u0161etrnost v\u00fdrobku je zaru\u010dena testy derm\u00e1ln\u00ed tolerance. Decentn\u00ed parfemace je vhodn\u00e1 pro mu\u017ee i \u017eeny, dermatologicky testov\u00e1no.<\/p>\n<hr \/>\n<h3>ISOLDA GOLD LINE HAIR &#038; BODY SHAMPOO<\/h3>\n<p><a href=\"http:\/\/www.anatra.cz\/wp-content\/uploads\/Isolda_hair-body_gold_500ml.png\"><img decoding=\"async\" class=\"alignleft size-medium wp-image-5318\" src=\"http:\/\/www.anatra.cz\/wp-content\/uploads\/Isolda_hair-body_gold_500ml-139x300.png\" alt=\"\" width=\"75\" height=\"197\" \/><\/a><\/p>\n<p>&nbsp;<\/p>\n<p style=\"text-align: left;\">Balen\u00ed: 500 ml click&amp;go<\/p>\n<p style=\"text-align: justify;\">\u200b\u200bLuxusn\u00ed t\u011blov\u00fd a vlasov\u00fd \u0161ampon s keratinem a kondicion\u00e9rem zachov\u00e1 Va\u0161i poko\u017eku i vlasy hebk\u00e9. Je to dokonal\u00fd \u0161ampon pro nejn\u00e1ro\u010dn\u011bj\u0161\u00ed spot\u0159ebitele d\u00edky sv\u00e9 vyv\u00e1\u017een\u00e9 receptu\u0159e s excelentn\u00ed derm\u00e1ln\u00ed toleranc\u00ed. Je praktick\u00fd p\u0159i pou\u017eit\u00ed ve wellness provozovn\u00e1ch. D\u00edky sv\u00e9mu slo\u017een\u00ed a decentn\u00edmu parf\u00e9mu je vhodn\u00fd pro \u017eeny i mu\u017ee.<\/p>\n<p style=\"text-align: justify;\">\u200b\u200bD\u00edky nejmodern\u011bj\u0161\u00ed receptu\u0159e, kter\u00e1 obsahuje hydrolyzovan\u00fd keratin, zn\u00e1m\u00fd pro sv\u00e9 \u00fa\u010dinky na strukturu vlas\u016f, se m\u016f\u017eete spolehnout na luxusn\u00ed pocit dokonal\u00e9 \u010distoty cel\u00e9ho t\u011bla a snadn\u00e9 roz\u010des\u00e1v\u00e1n\u00ed vlas\u016f.<\/p>\n<hr \/>\n","protected":false},"excerpt":{"rendered":"<p>ISOLDA HERBAL vlasov\u00fd \u0161amp\u00f3n &nbsp; &nbsp; Balen\u00ed: 500 ml Vlasov\u00fd \u0161ampon s v\u016fn\u00ed bylin. Je vysoce koncentrovan\u00fd s dobrou myc\u00ed schopnost\u00ed. Aktivn\u011b o\u0161et\u0159uje povrch vlas\u016f a usnad\u0148uje jejich roz\u010des\u00e1v\u00e1n\u00ed. D\u00edky vhodn\u011b kombinovan\u00e9mu pom\u011bru jednotliv\u00fdch slo\u017eek vytv\u00e1\u0159\u00ed bohatou p\u011bnu, kter\u00e1 d\u016fkladn\u011b, av\u0161ak \u0161etrn\u011b sm\u00fdv\u00e1 ne\u010distoty z vlas\u016f. &nbsp; ISOLDA vlasov\u00fd \u0161amp\u00f3n &#8211; b\u0159\u00edza &amp; kop\u0159iva &nbsp; <a href=\"https:\/\/anatra.cz\/?page_id=5320\" rel=\"nofollow\"><span class=\"sr-only\">P\u0159e\u010d\u00edst si v\u00edc oVlasov\u00e9 \u0161ampony<\/span>[&#8230;]<\/a><\/p>\n","protected":false},"author":1,"featured_media":0,"parent":429,"menu_order":0,"comment_status":"closed","ping_status":"closed","template":"","meta":{"footnotes":""},"class_list":["post-5320","page","type-page","status-publish","hentry"],"_links":{"self":[{"href":"https:\/\/anatra.cz\/index.php?rest_route=\/wp\/v2\/pages\/5320","targetHints":{"allow":["GET"]}}],"collection":[{"href":"https:\/\/anatra.cz\/index.php?rest_route=\/wp\/v2\/pages"}],"about":[{"href":"https:\/\/anatra.cz\/index.php?rest_route=\/wp\/v2\/types\/page"}],"author":[{"embeddable":true,"href":"https:\/\/anatra.cz\/index.php?rest_route=\/wp\/v2\/users\/1"}],"replies":[{"embeddable":true,"href":"https:\/\/anatra.cz\/index.php?rest_route=%2Fwp%2Fv2%2Fcomments&post=5320"}],"version-history":[{"count":6,"href":"https:\/\/anatra.cz\/index.php?rest_route=\/wp\/v2\/pages\/5320\/revisions"}],"predecessor-version":[{"id":5329,"href":"https:\/\/anatra.cz\/index.php?rest_route=\/wp\/v2\/pages\/5320\/revisions\/5329"}],"up":[{"embeddable":true,"href":"https:\/\/anatra.cz\/index.php?rest_route=\/wp\/v2\/pages\/429"}],"wp:attachment":[{"href":"https:\/\/anatra.cz\/index.php?rest_route=%2Fwp%2Fv2%2Fmedia&parent=5320"}],"curies":[{"name":"wp","href":"https:\/\/api.w.org\/{rel}","templated":true}]}}