{"id":429,"date":"2010-08-08T09:18:40","date_gmt":"2010-08-08T09:18:40","guid":{"rendered":"http:\/\/www.anatra.cz\/?page_id=429"},"modified":"2012-04-21T18:21:47","modified_gmt":"2012-04-21T17:21:47","slug":"osobni-hygiena","status":"publish","type":"page","link":"https:\/\/anatra.cz\/?page_id=429","title":{"rendered":"Osobn\u00ed hygiena"},"content":{"rendered":"<h3><span style=\"text-decoration: underline;\">Nab\u00edz\u00edme v\u00fdrobky t\u011bchto firem:<\/span><\/h3>\n<p><b>ECOLAB HYGIENE, KATRIN, TORK, , PAUL VOORMANN, MITIA, VIONE<\/b><\/p>\n<p><a href=\"http:\/\/www.anatra.cz\/wp-content\/uploads\/pacinky.jpg\"><img decoding=\"async\" class=\"alignleft size-full wp-image-510\" title=\"Osobn\u00ed hygiena\" src=\"http:\/\/www.anatra.cz\/wp-content\/uploads\/pacinky.jpg\" alt=\"Osobn\u00ed hygiena\" width=\"465\" height=\"285\" srcset=\"https:\/\/anatra.cz\/wp-content\/uploads\/pacinky.jpg 465w, https:\/\/anatra.cz\/wp-content\/uploads\/pacinky-300x183.jpg 300w\" sizes=\"(max-width: 465px) 100vw, 465px\" \/><\/a><\/p>\n","protected":false},"excerpt":{"rendered":"<p>Nab\u00edz\u00edme v\u00fdrobky t\u011bchto firem: ECOLAB HYGIENE, KATRIN, TORK, , PAUL VOORMANN, MITIA, VIONE<\/p>\n","protected":false},"author":1,"featured_media":0,"parent":0,"menu_order":2,"comment_status":"closed","ping_status":"closed","template":"","meta":{"footnotes":""},"class_list":["post-429","page","type-page","status-publish","hentry"],"_links":{"self":[{"href":"https:\/\/anatra.cz\/index.php?rest_route=\/wp\/v2\/pages\/429","targetHints":{"allow":["GET"]}}],"collection":[{"href":"https:\/\/anatra.cz\/index.php?rest_route=\/wp\/v2\/pages"}],"about":[{"href":"https:\/\/anatra.cz\/index.php?rest_route=\/wp\/v2\/types\/page"}],"author":[{"embeddable":true,"href":"https:\/\/anatra.cz\/index.php?rest_route=\/wp\/v2\/users\/1"}],"replies":[{"embeddable":true,"href":"https:\/\/anatra.cz\/index.php?rest_route=%2Fwp%2Fv2%2Fcomments&post=429"}],"version-history":[{"count":49,"href":"https:\/\/anatra.cz\/index.php?rest_route=\/wp\/v2\/pages\/429\/revisions"}],"predecessor-version":[{"id":2261,"href":"https:\/\/anatra.cz\/index.php?rest_route=\/wp\/v2\/pages\/429\/revisions\/2261"}],"wp:attachment":[{"href":"https:\/\/anatra.cz\/index.php?rest_route=%2Fwp%2Fv2%2Fmedia&parent=429"}],"curies":[{"name":"wp","href":"https:\/\/api.w.org\/{rel}","templated":true}]}}