{"id":2167,"date":"2012-01-14T19:03:26","date_gmt":"2012-01-14T18:03:26","guid":{"rendered":"http:\/\/www.anatra.cz\/?page_id=2167"},"modified":"2020-07-25T17:06:54","modified_gmt":"2020-07-25T16:06:54","slug":"rukavice","status":"publish","type":"page","link":"https:\/\/anatra.cz\/?page_id=2167","title":{"rendered":"Rukavice"},"content":{"rendered":"<h3>Rukavice \u00faklidov\u00e9<\/h3>\n<p style=\"text-align: left;\"><a href=\"http:\/\/www.anatra.cz\/wp-content\/uploads\/rukavice.jpg\"><img decoding=\"async\" class=\"alignleft size-full wp-image-809\" title=\"rukavice \u00faklidov\u00e9\" src=\"http:\/\/www.anatra.cz\/wp-content\/uploads\/rukavice.jpg\" alt=\"\" width=\"115\" height=\"135\" \/><\/a><\/p>\n<p>&nbsp;<\/p>\n<p style=\"text-align: justify;\"><strong>popis v\u00fdrobku:<\/strong> Ide\u00e1ln\u00ed rukavice pro \u00faklidov\u00e9 pr\u00e1ce. Odoln\u00e9, v\u0161estrann\u00e9 a hygienick\u00e9, s \u0161irok\u00fdm spektrem chemick\u00e9 odolnosti.<\/p>\n<p>&nbsp;<\/p>\n<hr \/>\n<h3>Rukavice jednor\u00e1zov\u00e9 nitrilov\u00e9<\/h3>\n<p><a href=\"http:\/\/www.anatra.cz\/wp-content\/uploads\/jednorazove-nitrilove-nepudrovane-pracovne-rukavice.jpg\"><img decoding=\"async\" class=\"alignleft size-medium wp-image-5693\" src=\"http:\/\/www.anatra.cz\/wp-content\/uploads\/jednorazove-nitrilove-nepudrovane-pracovne-rukavice-300x225.jpg\" alt=\"\" width=\"150\" height=\"113\" srcset=\"https:\/\/anatra.cz\/wp-content\/uploads\/jednorazove-nitrilove-nepudrovane-pracovne-rukavice-300x225.jpg 300w, https:\/\/anatra.cz\/wp-content\/uploads\/jednorazove-nitrilove-nepudrovane-pracovne-rukavice-1024x768.jpg 1024w, https:\/\/anatra.cz\/wp-content\/uploads\/jednorazove-nitrilove-nepudrovane-pracovne-rukavice-768x576.jpg 768w, https:\/\/anatra.cz\/wp-content\/uploads\/jednorazove-nitrilove-nepudrovane-pracovne-rukavice-285x214.jpg 285w, https:\/\/anatra.cz\/wp-content\/uploads\/jednorazove-nitrilove-nepudrovane-pracovne-rukavice.jpg 1280w\" sizes=\"(max-width: 150px) 100vw, 150px\" \/><\/a><\/p>\n<p style=\"text-align: left;\">\n<p>&nbsp;<\/p>\n<p style=\"text-align: justify;\"><strong>popis v\u00fdrobku:<\/strong> Jednor\u00e1zov\u00e9 rukavice z nitrilu. Krabice po 100, 180, 200 ks.<\/p>\n<p>&nbsp;<\/p>\n<hr \/>\n<h3>Rukavice jednor\u00e1zov\u00e9 latexov\u00e9<\/h3>\n<p style=\"text-align: left;\"><a href=\"http:\/\/www.anatra.cz\/wp-content\/uploads\/latexov\u00e9.jpg\"><img decoding=\"async\" class=\"alignleft size-full wp-image-809\" title=\"rukavice latexov\u00e9\" src=\"http:\/\/www.anatra.cz\/wp-content\/uploads\/latexov\u00e9.jpg\" alt=\"\" width=\"115\" height=\"135\" \/><\/a><\/p>\n<p>&nbsp;<\/p>\n<p style=\"text-align: left;\"><strong>popis v\u00fdrobku:<\/strong> Jednor\u00e1zov\u00e9 latexov\u00e9 rukavice. Balen\u00ed po 100 ks.<\/p>\n<p>&nbsp;<\/p>\n<hr \/>\n<h3>Rukavice jednor\u00e1zov\u00e9 vinylov\u00e9<\/h3>\n<p style=\"text-align: left;\"><a href=\"http:\/\/www.anatra.cz\/wp-content\/uploads\/vinilov\u00e9.jpg\"><img decoding=\"async\" class=\"alignleft size-full wp-image-809\" title=\"rukavice vinylv\u00e9\" src=\"http:\/\/www.anatra.cz\/wp-content\/uploads\/vinilov\u00e9.jpg\" alt=\"\" width=\"135\" height=\"115\" \/><\/a><\/p>\n<p>&nbsp;<\/p>\n<p style=\"text-align: justify;\"><strong>popis v\u00fdrobku:<\/strong> Jednor\u00e1zov\u00e9 rukavice z vinylu. Krabice po 100 ks.<\/p>\n<p>&nbsp;<\/p>\n<hr \/>\n<h3>Rukavice Ansell Conform+<\/h3>\n<p style=\"text-align: left;\"><a href=\"http:\/\/www.anatra.cz\/wp-content\/uploads\/ansell_conform.jpg\"><img decoding=\"async\" class=\"alignleft size-medium wp-image-3967\" title=\"ansell_conform\" src=\"http:\/\/www.anatra.cz\/wp-content\/uploads\/ansell_conform-300x300.jpg\" alt=\"\" width=\"145\" height=\"145\" srcset=\"https:\/\/anatra.cz\/wp-content\/uploads\/ansell_conform-300x300.jpg 300w, https:\/\/anatra.cz\/wp-content\/uploads\/ansell_conform-150x150.jpg 150w, https:\/\/anatra.cz\/wp-content\/uploads\/ansell_conform.jpg 700w\" sizes=\"(max-width: 145px) 100vw, 145px\" \/><\/a><\/p>\n<p>&nbsp;<\/p>\n<p style=\"text-align: justify;\"><strong>popis v\u00fdrobku:<\/strong> Rukavice Conform + jsou vyrobeny z p\u0159\u00edrodn\u00edho kau\u010duku. T\u00edm, \u017ee jsou nepudrovan\u00e9, kombinuj\u00ed bezpe\u010dnost s vynikaj\u00edc\u00edmi fyzick\u00fdmi vlastnostmi a chemickou odolnost\u00ed. Padnou jako druh\u00e1 k\u016f\u017ee, nab\u00edzej\u00ed pohodlnou, citlivou a p\u0159esnou manipulaci. N\u00edzk\u00fd obsah alergen\u016f minimalizuje pro u\u017eivatele riziko vzniku alergi\u00ed spojen\u00fdch s latexem. Je to praktick\u00e1 volba kombinuj\u00edc\u00ed obratnost, hmat a ochranu. Balen\u00ed: 100 kus\u016f<\/p>\n<hr \/>\n<h3>Rukavice Duck<\/h3>\n<p style=\"text-align: left;\"><a href=\"http:\/\/www.anatra.cz\/wp-content\/uploads\/Duck.jpg\"><img decoding=\"async\" class=\"alignleft size-full wp-image-809\" title=\"rukavice Duck\" src=\"http:\/\/www.anatra.cz\/wp-content\/uploads\/Duck.jpg\" alt=\"\" width=\"135\" height=\"115\" \/><\/a><\/p>\n<p>&nbsp;<\/p>\n<p style=\"text-align: justify;\"><strong>popis v\u00fdrobku:<\/strong> Jednor\u00e1zov\u00e9 rukavice z tenk\u00e9 polyetyl\u00e9nov\u00e9 f\u00f3lie, balen\u00ed po 100 ks, velikosti 9 (d\u00e1msk\u00e9), 10 (p\u00e1nsk\u00e9).<\/p>\n<hr \/>\n<h3>Rukavice Tern<\/h3>\n<p style=\"text-align: left;\"><a href=\"http:\/\/www.anatra.cz\/wp-content\/uploads\/Tern.jpg\"><img decoding=\"async\" class=\"alignleft size-full wp-image-809\" title=\"rukavice Tern\" src=\"http:\/\/www.anatra.cz\/wp-content\/uploads\/Tern.jpg\" alt=\"\" width=\"145\" height=\"115\" \/><\/a><\/p>\n<p>&nbsp;<\/p>\n<p style=\"text-align: justify;\"><strong>popis v\u00fdrobku:<\/strong> Rukavice z hov\u011bz\u00ed \u0161t\u00edpenky v dlani s pod\u0161\u00edvkou a pruhovan\u00e9 barevn\u00e9 nebo b\u00edl\u00e9 (d\u00e1msk\u00e1 verze) bavln\u011bn\u00e9 tkaniny na h\u0159betu a man\u017eet\u011b.<\/p>\n<hr \/>\n<h3>Zimn\u00ed rukavice Shag<\/h3>\n<p style=\"text-align: left;\"><a href=\"http:\/\/www.anatra.cz\/wp-content\/uploads\/Shag.jpg\"><img decoding=\"async\" class=\"alignleft size-full wp-image-809\" title=\"rukavice Shag\" src=\"http:\/\/www.anatra.cz\/wp-content\/uploads\/Shag.jpg\" alt=\"\" width=\"145\" height=\"115\" \/><\/a><\/p>\n<p>&nbsp;<\/p>\n<p style=\"text-align: justify;\"><strong>popis v\u00fdrobku:<\/strong> Rukavice z vep\u0159ov\u00e9 \u0161t\u00edpenky v dlani, b\u00edl\u00e9 bavln\u011bn\u00e9 tkaniny na h\u0159betu a man\u017eet\u011b a s teplou pod\u0161\u00edvkou.<\/p>\n<hr \/>\n<h3>Rukavice Harrier &#8211; bavln\u011bn\u00fd \u00faplet polom\u00e1\u010den\u00fd v nitrilu<\/h3>\n<p style=\"text-align: left;\"><a href=\"http:\/\/www.anatra.cz\/wp-content\/uploads\/Harrier.jpg\"><img decoding=\"async\" class=\"alignleft size-full wp-image-809\" title=\"rukavice Harrier\" src=\"http:\/\/www.anatra.cz\/wp-content\/uploads\/Harrier.jpg\" alt=\"\" width=\"145\" height=\"115\" \/><\/a><\/p>\n<p>&nbsp;<\/p>\n<p style=\"text-align: justify;\"><strong>popis v\u00fdrobku:<\/strong> \u0160it\u00fd bavln\u011bn\u00fd \u00faplet polom\u00e1\u010den\u00fd v nitrilu, pru\u017en\u00fd n\u00e1plet na z\u00e1p\u011bst\u00ed, barva modr\u00e1.<\/p>\n<hr \/>\n<h3>Rukavice Swift &#8211; bavln\u011bn\u00fd \u00faplet celom\u00e1\u010den\u00fd v nitrilu<\/h3>\n<p style=\"text-align: left;\"><a href=\"http:\/\/www.anatra.cz\/wp-content\/uploads\/Swift.jpg\"><img decoding=\"async\" class=\"alignleft size-full wp-image-809\" title=\"rukavice Swift\" src=\"http:\/\/www.anatra.cz\/wp-content\/uploads\/Swift.jpg\" alt=\"\" width=\"145\" height=\"115\" \/><\/a><\/p>\n<p>&nbsp;<\/p>\n<p style=\"text-align: justify;\"><strong>popis v\u00fdrobku:<\/strong> \u0160it\u00fd bavln\u011bn\u00fd \u00faplet celom\u00e1\u010den\u00fd v siln\u00e9 vrstv\u011b nitrilu, tuh\u00e1 man\u017eeta, barva modr\u00e1.<\/p>\n<hr \/>\n<h3>Rukavice Pelican<\/h3>\n<p style=\"text-align: left;\"><a href=\"http:\/\/www.anatra.cz\/wp-content\/uploads\/pelican.jpg\"><img decoding=\"async\" class=\"alignleft size-full wp-image-3961\" title=\"pelican\" src=\"http:\/\/www.anatra.cz\/wp-content\/uploads\/pelican.jpg\" alt=\"\" width=\"145\" height=\"115\" \/><\/a><\/p>\n<p>&nbsp;<\/p>\n<p style=\"text-align: justify;\"><strong>popis v\u00fdrobku:<\/strong> Rukavice \u0161it\u00e9 z jemn\u00e9 l\u00edcov\u00e9 kozinky vdlani, b\u00edl\u00e9 bavlnen\u00e9 tkaniny na h\u0159betu a man\u017eetou na such\u00fd zip.<\/p>\n<hr \/>\n<h3>Rukavice Snipe Strong<\/h3>\n<p style=\"text-align: left;\"><a href=\"http:\/\/www.anatra.cz\/wp-content\/uploads\/snipe-strong.jpg\"><img decoding=\"async\" class=\"alignleft size-medium wp-image-3957\" title=\"snipe strong\" src=\"http:\/\/www.anatra.cz\/wp-content\/uploads\/snipe-strong-193x300.jpg\" alt=\"\" width=\"105\" height=\"145\" \/><\/a><\/p>\n<p>&nbsp;<\/p>\n<p style=\"text-align: justify;\"><strong>popis v\u00fdrobku:<\/strong> Celoko\u017een\u00e9 rukavice bez pod\u0161\u00edvky z hov\u011bz\u00ed \u0161t\u00edpenky, se 7 cm \u0161irokou man\u017eetou a zes\u00edlenou dlan\u00ed a palcem.<\/p>\n<p>&nbsp;<\/p>\n<hr \/>\n<h3>Rukavice Harpy<\/h3>\n<p style=\"text-align: left;\"><a href=\"http:\/\/www.anatra.cz\/wp-content\/uploads\/harpy.jpg\"><img decoding=\"async\" class=\"alignleft size-medium wp-image-3955\" title=\"harpy\" src=\"http:\/\/www.anatra.cz\/wp-content\/uploads\/harpy-222x300.jpg\" alt=\"\" width=\"115\" height=\"145\" \/><\/a><\/p>\n<p>&nbsp;<\/p>\n<p style=\"text-align: justify;\"><strong>popis v\u00fdrobku:<\/strong> Celoko\u017een\u00e9 rukavice z hov\u011bz\u00ed \u0161t\u00edpenky v d\u00e9lce 35 cm, s bavln\u011bnou pod\u0161\u00edvkou, zes\u00edlen\u00edm v dlani a kryt\u00fdmi \u0161vy.<\/p>\n<p>&nbsp;<\/p>\n<hr \/>\n<h3>Rukavice sv\u00e1\u0159eck\u00e9 Merlin<\/h3>\n<p style=\"text-align: left;\"><a href=\"http:\/\/www.anatra.cz\/wp-content\/uploads\/merlin.jpg\"><img decoding=\"async\" class=\"alignleft size-full wp-image-3949\" title=\"merlin\" src=\"http:\/\/www.anatra.cz\/wp-content\/uploads\/merlin.jpg\" alt=\"\" width=\"145\" height=\"115\" \/><\/a><\/p>\n<p>&nbsp;<\/p>\n<p style=\"text-align: justify;\"><strong>popis v\u00fdrobku:<\/strong> \u0160ed\u00e1 hov\u011bz\u00ed \u0161t\u00edpenka, man\u017eeta 15 cm, bez pod\u0161\u00edvky \u2013 certifik\u00e1t pro sv\u00e1\u0159e\u010dsk\u00e9 pr\u00e1ce, typ B.<\/p>\n<hr \/>\n<h3>Rukavice sv\u00e1\u0159eck\u00e9 Sandpiper<\/h3>\n<p style=\"text-align: left;\"><a href=\"http:\/\/www.anatra.cz\/wp-content\/uploads\/sandpiper.jpg\"><img decoding=\"async\" class=\"alignleft size-full wp-image-3951\" title=\"sandpiper\" src=\"http:\/\/www.anatra.cz\/wp-content\/uploads\/sandpiper.jpg\" alt=\"\" width=\"145\" height=\"115\" \/><\/a><\/p>\n<p>&nbsp;<\/p>\n<p style=\"text-align: justify;\"><strong>popis v\u00fdrobku:<\/strong> \u010cern\u00e1 hov\u011bz\u00ed \u0161t\u00edpenka, d\u00e9lka 35 cm, kryt\u00e9 \u0161vy, bavln\u011bn\u00e1 pod\u0161\u00edvka \u2013 certifik\u00e1t pro sv\u00e1\u0159e\u010dsk\u00e9 pr\u00e1ce, typ A.<\/p>\n<hr \/>\n<h3>Rukavice Redstart &#8211; m\u00e1\u010den\u00e9 v PVC, 40 cm<\/h3>\n<p style=\"text-align: left;\"><a href=\"http:\/\/www.anatra.cz\/wp-content\/uploads\/redstar.jpg\"><img decoding=\"async\" class=\"alignleft size-full wp-image-809\" title=\"rukavice Redstart\" src=\"http:\/\/www.anatra.cz\/wp-content\/uploads\/redstar.jpg\" alt=\"\" width=\"115\" height=\"135\" \/><\/a><\/p>\n<p>&nbsp;<\/p>\n<p style=\"text-align: justify;\"><strong>popis v\u00fdrobku:<\/strong> \u0160it\u00fd bavln\u011bn\u00fd \u00faplet m\u00e1\u010den\u00fd v PVC, \u010dervenohn\u011bd\u00e1 barva, d\u00e9lka 40cm.<\/p>\n<p>&nbsp;<\/p>\n<p>&nbsp;<\/p>\n<hr \/>\n","protected":false},"excerpt":{"rendered":"<p>Rukavice \u00faklidov\u00e9 &nbsp; popis v\u00fdrobku: Ide\u00e1ln\u00ed rukavice pro \u00faklidov\u00e9 pr\u00e1ce. Odoln\u00e9, v\u0161estrann\u00e9 a hygienick\u00e9, s \u0161irok\u00fdm spektrem chemick\u00e9 odolnosti. &nbsp; Rukavice jednor\u00e1zov\u00e9 nitrilov\u00e9 &nbsp; popis v\u00fdrobku: Jednor\u00e1zov\u00e9 rukavice z nitrilu. Krabice po 100, 180, 200 ks. &nbsp; Rukavice jednor\u00e1zov\u00e9 latexov\u00e9 &nbsp; popis v\u00fdrobku: Jednor\u00e1zov\u00e9 latexov\u00e9 rukavice. Balen\u00ed po 100 ks. &nbsp; Rukavice jednor\u00e1zov\u00e9 vinylov\u00e9 &nbsp; <a href=\"https:\/\/anatra.cz\/?page_id=2167\" rel=\"nofollow\"><span class=\"sr-only\">P\u0159e\u010d\u00edst si v\u00edc oRukavice<\/span>[&#8230;]<\/a><\/p>\n","protected":false},"author":1,"featured_media":0,"parent":73,"menu_order":2,"comment_status":"closed","ping_status":"closed","template":"","meta":{"footnotes":""},"class_list":["post-2167","page","type-page","status-publish","hentry"],"_links":{"self":[{"href":"https:\/\/anatra.cz\/index.php?rest_route=\/wp\/v2\/pages\/2167","targetHints":{"allow":["GET"]}}],"collection":[{"href":"https:\/\/anatra.cz\/index.php?rest_route=\/wp\/v2\/pages"}],"about":[{"href":"https:\/\/anatra.cz\/index.php?rest_route=\/wp\/v2\/types\/page"}],"author":[{"embeddable":true,"href":"https:\/\/anatra.cz\/index.php?rest_route=\/wp\/v2\/users\/1"}],"replies":[{"embeddable":true,"href":"https:\/\/anatra.cz\/index.php?rest_route=%2Fwp%2Fv2%2Fcomments&post=2167"}],"version-history":[{"count":75,"href":"https:\/\/anatra.cz\/index.php?rest_route=\/wp\/v2\/pages\/2167\/revisions"}],"predecessor-version":[{"id":5695,"href":"https:\/\/anatra.cz\/index.php?rest_route=\/wp\/v2\/pages\/2167\/revisions\/5695"}],"up":[{"embeddable":true,"href":"https:\/\/anatra.cz\/index.php?rest_route=\/wp\/v2\/pages\/73"}],"wp:attachment":[{"href":"https:\/\/anatra.cz\/index.php?rest_route=%2Fwp%2Fv2%2Fmedia&parent=2167"}],"curies":[{"name":"wp","href":"https:\/\/api.w.org\/{rel}","templated":true}]}}