{"id":2,"date":"2010-07-02T13:21:26","date_gmt":"2010-07-02T13:21:26","guid":{"rendered":"http:\/\/www.anatra.cz\/?page_id=2"},"modified":"2011-02-05T17:16:38","modified_gmt":"2011-02-05T17:16:38","slug":"neco-o-me","status":"publish","type":"page","link":"https:\/\/anatra.cz\/?page_id=2","title":{"rendered":"Pap\u00edrov\u00e9 ru\u010dn\u00edky"},"content":{"rendered":"<p><a href=\"http:\/\/www.anatra.cz\/wp-content\/uploads\/ZZ.jpg\"><img decoding=\"async\" class=\"alignleft size-full wp-image-10\" title=\"ZZ\" src=\"http:\/\/www.anatra.cz\/wp-content\/uploads\/ZZ.jpg\" alt=\"ZZ\" width=\"134\" height=\"134\" \/><\/a><br \/>\nDod\u00e1v\u00e1me pap\u00edrov\u00e9 ru\u010dn\u00edky z recyklovan\u00e9ho pap\u00edru a 100% celul\u00f3zy v proveden\u00ed ZZ.  V na\u0161\u00ed nab\u00eddce m\u00e1me jak jednovrstv\u00e9, tak dvouvrstv\u00e9 pap\u00edrov\u00e9 ru\u010dn\u00edky v r\u016fzn\u00fdch barv\u00e1ch.<\/p>\n<p>Nab\u00edz\u00edme tak\u00e9 pap\u00edrov\u00e9 ru\u010dn\u00edky se st\u0159edov\u00fdm odv\u00edjen\u00edm.<\/p>\n","protected":false},"excerpt":{"rendered":"<p>Dod\u00e1v\u00e1me pap\u00edrov\u00e9 ru\u010dn\u00edky z recyklovan\u00e9ho pap\u00edru a 100% celul\u00f3zy v proveden\u00ed ZZ. V na\u0161\u00ed nab\u00eddce m\u00e1me jak jednovrstv\u00e9, tak dvouvrstv\u00e9 pap\u00edrov\u00e9 ru\u010dn\u00edky v r\u016fzn\u00fdch barv\u00e1ch. Nab\u00edz\u00edme tak\u00e9 pap\u00edrov\u00e9 ru\u010dn\u00edky se st\u0159edov\u00fdm odv\u00edjen\u00edm.<\/p>\n","protected":false},"author":1,"featured_media":0,"parent":686,"menu_order":0,"comment_status":"closed","ping_status":"closed","template":"","meta":{"footnotes":""},"class_list":["post-2","page","type-page","status-publish","hentry"],"_links":{"self":[{"href":"https:\/\/anatra.cz\/index.php?rest_route=\/wp\/v2\/pages\/2","targetHints":{"allow":["GET"]}}],"collection":[{"href":"https:\/\/anatra.cz\/index.php?rest_route=\/wp\/v2\/pages"}],"about":[{"href":"https:\/\/anatra.cz\/index.php?rest_route=\/wp\/v2\/types\/page"}],"author":[{"embeddable":true,"href":"https:\/\/anatra.cz\/index.php?rest_route=\/wp\/v2\/users\/1"}],"replies":[{"embeddable":true,"href":"https:\/\/anatra.cz\/index.php?rest_route=%2Fwp%2Fv2%2Fcomments&post=2"}],"version-history":[{"count":8,"href":"https:\/\/anatra.cz\/index.php?rest_route=\/wp\/v2\/pages\/2\/revisions"}],"predecessor-version":[{"id":7,"href":"https:\/\/anatra.cz\/index.php?rest_route=\/wp\/v2\/pages\/2\/revisions\/7"}],"up":[{"embeddable":true,"href":"https:\/\/anatra.cz\/index.php?rest_route=\/wp\/v2\/pages\/686"}],"wp:attachment":[{"href":"https:\/\/anatra.cz\/index.php?rest_route=%2Fwp%2Fv2%2Fmedia&parent=2"}],"curies":[{"name":"wp","href":"https:\/\/api.w.org\/{rel}","templated":true}]}}