{"id":1212,"date":"2011-03-31T20:40:26","date_gmt":"2011-03-31T19:40:26","guid":{"rendered":"http:\/\/www.anatra.cz\/?page_id=1212"},"modified":"2020-07-25T16:19:32","modified_gmt":"2020-07-25T15:19:32","slug":"zametaci-stroje","status":"publish","type":"page","link":"https:\/\/anatra.cz\/?page_id=1212","title":{"rendered":"Zametac\u00ed stroje"},"content":{"rendered":"<h3>KR\u00c4NZLE 2 + 2<\/h3>\n<p style=\"text-align: left;\"><a href=\"http:\/\/www.anatra.cz\/wp-content\/uploads\/zamet\u00e1k-2+2.jpg\"><img decoding=\"async\" class=\"alignleft size-full wp-image-1215\" title=\"zamet\u00e1k 2+2\" src=\"http:\/\/www.anatra.cz\/wp-content\/uploads\/zamet\u00e1k-2+2.jpg\" alt=\"\" width=\"150\" height=\"155\" srcset=\"https:\/\/anatra.cz\/wp-content\/uploads\/zamet\u00e1k-2+2.jpg 581w, https:\/\/anatra.cz\/wp-content\/uploads\/zamet\u00e1k-2+2-290x300.jpg 290w\" sizes=\"(max-width: 150px) 100vw, 150px\" \/><\/a><\/p>\n<p style=\"text-align: left;\"><a href=\"http:\/\/www.anatra.cz\/wp-content\/uploads\/2+2_princip.jpg\"><img decoding=\"async\" class=\"alignleft size-full wp-image-1216\" title=\"2+2_princip\" src=\"http:\/\/www.anatra.cz\/wp-content\/uploads\/2+2_princip.jpg\" alt=\"\" width=\"261\" height=\"76\" srcset=\"https:\/\/anatra.cz\/wp-content\/uploads\/2+2_princip.jpg 500w, https:\/\/anatra.cz\/wp-content\/uploads\/2+2_princip-300x87.jpg 300w\" sizes=\"(max-width: 261px) 100vw, 261px\" \/><\/a><\/p>\n<p>&nbsp;<\/p>\n<p>&nbsp;<\/p>\n<p>&nbsp;<\/p>\n<p>&nbsp;<\/p>\n<p>&nbsp;<\/p>\n<p><strong>\u00dadaje o vybaven\u00ed:<\/strong><\/p>\n<p>* ru\u010dn\u00ed zametac\u00ed stroj s dvojv\u00e1lcov\u00fdm p\u0159ehazovac\u00edm syst\u00e9mem<\/p>\n<p>* pracovn\u00ed \u0161\u00ed\u0159e 800 mm<\/p>\n<p>* z\u00e1chytn\u00fd ko\u0161 a schr\u00e1nka z n\u00e1razuvzdorn\u00e9ho ABS plastu<\/p>\n<p>* extra velk\u00e1 kola opl\u00e1\u0161t\u011bn\u00e1 p\u0159\u00edrodn\u00ed gumou pro optim\u00e1ln\u00ed p\u0159enos s\u00edly<\/p>\n<p>* z\u00e1chytn\u00e1 n\u00e1doba o objemu 40 litr\u016f<\/p>\n<p>* nylonov\u00e9 pracovn\u00ed a pod\u00e1vac\u00ed kart\u00e1\u010de vysoce odoln\u00e9 proti od\u011bru<\/p>\n<p>* regulovateln\u00e1 v\u00fd\u0161ka pod\u00e1vac\u00edch kart\u00e1\u010d\u016f<\/p>\n<p>* odv\u011btr\u00e1n\u00ed pracovn\u00edho prostoru p\u0159es mikrofiltr<\/p>\n<p>* celkov\u00e1 hmotnost cca 17 kg<\/p>\n<hr \/>\n<h3>KR\u00c4NZLE 1 + 1<\/h3>\n<p><a href=\"http:\/\/www.anatra.cz\/wp-content\/uploads\/zamet\u00e1k-1+1.jpg\"><img decoding=\"async\" class=\"alignleft size-full wp-image-1238\" title=\"zamet\u00e1k 1+1\" src=\"http:\/\/www.anatra.cz\/wp-content\/uploads\/zamet\u00e1k-1+1.jpg\" alt=\"\" width=\"150\" height=\"155\" \/><\/a><a href=\"http:\/\/www.anatra.cz\/wp-content\/uploads\/1+1_princip.jpg\"><img decoding=\"async\" class=\"alignleft size-full wp-image-1239\" title=\"1+1_princip\" src=\"http:\/\/www.anatra.cz\/wp-content\/uploads\/1+1_princip.jpg\" alt=\"\" width=\"261\" height=\"76\" \/><\/a><\/p>\n<p><strong>\u00dadaje o vybaven\u00ed:<\/strong><\/p>\n<p>* ru\u010dn\u00ed zametac\u00ed stroj s jednokart\u00e1\u010dov\u00fdm p\u0159ehazovac\u00edm syst\u00e9mem<\/p>\n<p>* pracovn\u00ed \u0161\u00ed\u0159e 670 mm<\/p>\n<p>* z\u00e1chytn\u00fd ko\u0161 a schr\u00e1nka z n\u00e1razuvzdorn\u00e9ho ABS plastu<\/p>\n<p>* velk\u00e1 kola opl\u00e1\u0161t\u011bn\u00e1 p\u0159\u00edrodn\u00ed gumou pro optim\u00e1ln\u00ed p\u0159enos s\u00edly<\/p>\n<p>* z\u00e1chytn\u00e1 n\u00e1doba o objemu 40 litr\u016f<\/p>\n<p>* nylonov\u00e9 pracovn\u00ed a pod\u00e1vac\u00ed kart\u00e1\u010de vysoce odoln\u00e9 proti od\u011bru<\/p>\n<p>* regulovateln\u00e1 v\u00fd\u0161ka pod\u00e1vac\u00edch kart\u00e1\u010d\u016f<\/p>\n<p>* celkov\u00e1 hmotnost cca 24 kg<\/p>\n<hr \/>\n<h3>FS 50 BT<\/h3>\n<p style=\"text-align: justify;\"><a href=\"http:\/\/www.anatra.cz\/wp-content\/uploads\/FS50B.jpg\"><img decoding=\"async\" class=\"alignleft size-full wp-image-1659\" title=\"FS 50 BT\" src=\"http:\/\/www.anatra.cz\/wp-content\/uploads\/FS50B.jpg\" alt=\"\" width=\"170\" height=\"200\" \/><\/a><br \/>\nV\u00e1ha: 78 kg<br \/>\nV\u00fd\u0161ka: 1000 mm<br \/>\n\u0160\u00ed\u0159ka: 660 mm<br \/>\nD\u00e9lka: 1430 mm<br \/>\nPracovn\u00ed z\u00e1b\u011br: 650mm<br \/>\nV\u00fdkon teoretick\u00fd: 2600 m2\/hod<br \/>\nPohon pojezdu: Auto<br \/>\nKart\u00e1\u010de: 500 mm (1)<br \/>\nPostrann\u00ed kart\u00e1\u010d: 380 mm (1)<br \/>\nN\u00e1doba na odpad: 40 l<br \/>\nVyprazd\u0148ov\u00e1n\u00ed z\u00e1sobn\u00edku na odpad: manual<br \/>\nKart\u00e1\u010dov\u00fd motor: 12V\/600 W<br \/>\nPojezdov\u00fd motor: 12V\/600 W<br \/>\nSac\u00ed motor: 12V\/600 W<br \/>\nRychost pojezdu: 0-4 km\/hod<br \/>\nStoup\u00e1n\u00ed: 10%<br \/>\nHlu\u010dnost: 68 dB<br \/>\nBaterie (blok): 12V\/100 Ah<br \/>\nV\u00e1ha bateri\u00ed: 42 kg<br \/>\nNap\u011bt\u00ed: 12 V<br \/>\nPlocha filtr\u016f: 2,5<br \/>\nTyp pojezdu: automat<\/p>\n<p style=\"text-align: justify;\">Zametac\u00ed stroj FS 50 BT je vybaven zametac\u00edm, ale i ods\u00e1vac\u00edm za\u0159\u00edzen\u00edm. V jedn\u00e9 operaci zamet\u00e1 a z\u00e1rove\u0148 ods\u00e1v\u00e1, tud\u00ed\u017e se okolo n\u011bho p\u0159i pojezdu nepr\u00e1\u0161\u00ed. Stroj je bez probl\u00e9mu schopen odstranit \u00falomky palet, kam\u00ednky, list\u00ed, usazen\u00fd prach a ostatn\u00ed ne\u010distoty na podlaze. Stroj je vybaven automatick\u00fdm pojezdem, obsluha stroj pouze vede a m\u016f\u017ee zdol\u00e1vat i m\u00edrn\u011bj\u0161\u00ed p\u0159ev\u00fd\u0161en\u00ed. Rychlost stroji ud\u00e1v\u00e1 obsluha na dr\u017eadle pomoc\u00ed t\u0159ec\u00ed spojky. Ke stroji je dod\u00e1v\u00e1na extern\u00ed automatick\u00e1 nab\u00edje\u010dka. Po nabit\u00ed baterie je automaticky nab\u00edje\u010dka odpojena.<\/p>\n<hr \/>\n<h3>FS 50 HT<\/h3>\n<p style=\"text-align: justify;\"><a href=\"http:\/\/www.anatra.cz\/wp-content\/uploads\/FS50H.jpg\"><img decoding=\"async\" class=\"alignleft size-full wp-image-1659\" title=\"FS 50 HT\" src=\"http:\/\/www.anatra.cz\/wp-content\/uploads\/FS50H.jpg\" alt=\"\" width=\"170\" height=\"200\" \/><\/a><br \/>\nV\u00e1ha: 78 kg<br \/>\nV\u00fd\u0161ka: 1000 mm<br \/>\n\u0160\u00ed\u0159ka: 660 mm<br \/>\nD\u00e9lka: 1430 mm<br \/>\nPracovn\u00ed z\u00e1b\u011br: 650mm<br \/>\nV\u00fdkon teoretick\u00fd: 2600 m2\/hod<br \/>\nPohon pojezdu: Auto<br \/>\nKart\u00e1\u010de: 500 mm (1)<br \/>\nPostrann\u00ed kart\u00e1\u010d: 380 mm (1)<br \/>\nN\u00e1doba na odpad: 40 l<br \/>\nVyprazd\u0148ov\u00e1n\u00ed z\u00e1sobn\u00edku na odpad: manual<br \/>\nKart\u00e1\u010dov\u00fd motor: 2,5 HP<br \/>\nPojezdov\u00fd motor: 2,5 HP<br \/>\nSac\u00ed motor: 2,5 HP<br \/>\nRychost pojezdu: 0-4 km\/hod<br \/>\nStoup\u00e1n\u00ed: 15%<br \/>\nHlu\u010dnost: 74 dB<br \/>\nPlocha filtr\u016f: 2,5<br \/>\nTyp pojezdu: automat<\/p>\n<p style=\"text-align: justify;\">Zametac\u00ed stroj FS 50 HT je poh\u00e1n\u011bn \u010dty\u0159taktn\u00edm benz\u00ednov\u00fdm motorem Honda. Startov\u00e1n\u00ed motoru je ru\u010dn\u00ed. Stroj je vybaven zametac\u00edm i ods\u00e1vac\u00edm za\u0159\u00edzen\u00edm. V jedn\u00e9 operaci zamet\u00e1 a z\u00e1rove\u0148 ods\u00e1v\u00e1, tud\u00ed\u017e se okolo n\u011bho p\u0159i pojezdu nepr\u00e1\u0161\u00ed. Stroj je bez probl\u00e9mu schopen odstranit \u00falomky palet, kam\u00ednky, list\u00ed, usazen\u00fd prach, a ostatn\u00ed ne\u010distoty na podlaze. Stroj je vybaven automatick\u00fdm pojezdem, obsluha stroj pouze vede a m\u016f\u017ee zdol\u00e1vat i m\u00edrn\u011bj\u0161\u00ed p\u0159ev\u00fd\u0161en\u00ed. Rychlost stroji ud\u00e1v\u00e1 obsluha na dr\u017eadle pomoc\u00ed t\u0159ec\u00ed spojky.<\/p>\n<hr \/>\n<h3>FS 60 B<\/h3>\n<p style=\"text-align: justify;\"><a href=\"http:\/\/www.anatra.cz\/wp-content\/uploads\/FS60B.jpg\"><img decoding=\"async\" class=\"alignleft size-full wp-image-1659\" title=\"FS 60 B\" src=\"http:\/\/www.anatra.cz\/wp-content\/uploads\/FS60B.jpg\" alt=\"\" width=\"170\" height=\"200\" \/><\/a><br \/>\nV\u00e1ha: 120 kg<br \/>\nV\u00fd\u0161ka: 1250 mm<br \/>\n\u0160\u00ed\u0159ka: 880 mm<br \/>\nD\u00e9lka: 1200 mm<br \/>\nPracovn\u00ed z\u00e1b\u011br: 850mm<br \/>\nV\u00fdkon teoretick\u00fd: 2700 m2\/hod<br \/>\nPohon pojezdu: Auto<br \/>\nKart\u00e1\u010de: 700 mm (1)<br \/>\nPostrann\u00ed kart\u00e1\u010d: 400 mm (1)<br \/>\nN\u00e1doba na odpad: 65 l<br \/>\nVyprazd\u0148ov\u00e1n\u00ed z\u00e1sobn\u00edku na odpad: manual<br \/>\nKart\u00e1\u010dov\u00fd motor: 24V\/600 W<br \/>\nPojezdov\u00fd motor: 24V\/600 W<br \/>\nSac\u00ed motor: 24V\/600 W<br \/>\nRychost pojezdu: 0-4,5 km\/hod<br \/>\nStoup\u00e1n\u00ed: 10%<br \/>\nHlu\u010dnost: 72 dB<br \/>\nBaterie (blok): 2x12V\/100 Ah<br \/>\nV\u00e1ha bateri\u00ed: 82 kg<br \/>\nNap\u011bt\u00ed: 24 V<br \/>\nPlocha filtr\u016f: 3,2<br \/>\nTyp pojezdu: automat<\/p>\n<p style=\"text-align: justify;\">Zametac\u00ed stroj FS 60 B je zametac\u00ed stroj se sed\u00edc\u00ed obsluhou. Je vybaven zametac\u00edm, ale i ods\u00e1vac\u00edm za\u0159\u00edzen\u00edm. V jedn\u00e9 operaci zamet\u00e1 a z\u00e1rove\u0148 ods\u00e1v\u00e1, tud\u00ed\u017e se okolo n\u011bho p\u0159i pojezdu nepr\u00e1\u0161\u00ed. Stroj je bez probl\u00e9mu schopen odstranit PET lahve, \u00falomky palet, kam\u00ednky, list\u00ed, usazen\u00fd prach, a ostatn\u00ed ne\u010distoty na podlaze. Stroj je vybaven automatick\u00fdm pojezdem, obsluha stroj pouze \u0159\u00edd\u00ed a m\u016f\u017ee zdol\u00e1vat i m\u00edrn\u011bj\u0161\u00ed p\u0159ev\u00fd\u0161en\u00ed. Vyklep\u00e1v\u00e1n\u00ed filtru se d\u011bje pomoc\u00ed elektromotoru. Rychlost stroje ud\u00e1v\u00e1 obsluha pomoc\u00ed ped\u00e1lu. Ke stroji je dod\u00e1v\u00e1na extern\u00ed automatick\u00e1 nab\u00edje\u010dka. Po nabit\u00ed baterie je automaticky nab\u00edje\u010dka odpojena.<\/p>\n<hr \/>\n<h3>FS 700 H FP<\/h3>\n<p style=\"text-align: justify;\"><a href=\"http:\/\/www.anatra.cz\/wp-content\/uploads\/fs700-b.jpg\"><img decoding=\"async\" class=\"alignleft size-full wp-image-1659\" title=\"FS 700 H FP\" src=\"http:\/\/www.anatra.cz\/wp-content\/uploads\/fs700-b.jpg\" alt=\"\" width=\"170\" height=\"200\" \/><\/a><br \/>\nV\u00e1ha: 290 kg<br \/>\nV\u00fd\u0161ka: 1220 mm<br \/>\n\u0160\u00ed\u0159ka: 920 mm<br \/>\nD\u00e9lka: 1600 mm<br \/>\nPracovn\u00ed z\u00e1b\u011br: 930mm<br \/>\nV\u00fdkon teoretick\u00fd: 6500 m2\/hod<br \/>\nPohon pojezdu: Hydraul<br \/>\nKart\u00e1\u010de: 700 mm (1)<br \/>\nPostrann\u00ed kart\u00e1\u010d: 450 mm (1)<br \/>\nN\u00e1doba na odpad: 90 l<br \/>\nVyprazd\u0148ov\u00e1n\u00ed z\u00e1sobn\u00edku na odpad: man. 0, mech. 1000, elektr. 1450 mm<br \/>\nKart\u00e1\u010dov\u00fd motor: 5,5 HP<br \/>\nPojezdov\u00fd motor: 5,5 HP<br \/>\nSac\u00ed motor: 5,5 HP<br \/>\nRychost pojezdu: 0-9 km\/hod<br \/>\nStoup\u00e1n\u00ed: 15%<br \/>\nHlu\u010dnost: 83 dB<br \/>\nPlocha filtr\u016f: 5<br \/>\nTyp pojezdu: automat<\/p>\n<p style=\"text-align: justify;\">Zametac\u00ed stroj FS 700 H FP je zametac\u00ed stroj se sed\u00edc\u00ed obsluhou. Hlavn\u00edm agreg\u00e1tem je \u010dty\u0159taktn\u00ed benzinov\u00fd motor Honda. Stroj je vybaven zametac\u00edm, ale i ods\u00e1vac\u00edm za\u0159\u00edzen\u00edm. V jedn\u00e9 operaci zamet\u00e1 a z\u00e1rove\u0148 ods\u00e1v\u00e1, tud\u00ed\u017e se okolo n\u011bho p\u0159i pojezdu nepr\u00e1\u0161\u00ed. Stroj je bez probl\u00e9mu schopen odstranit PET lahve, \u00falomky palet, kam\u00ednky, list\u00ed, usazen\u00fd prach a ostatn\u00ed ne\u010distoty na podlaze. Stroj je vybaven automatick\u00fdm pojezdem, obsluha stroj pouze \u0159\u00edd\u00ed a m\u016f\u017ee zdol\u00e1vat i m\u00edrn\u011bj\u0161\u00ed p\u0159ev\u00fd\u0161en\u00ed. Vyklep\u00e1v\u00e1n\u00ed filtru se d\u011bje pomoc\u00ed elektromotoru. Rychlost stroje ud\u00e1v\u00e1 obsluha pomoc\u00ed ped\u00e1lu. Stroj umo\u017e\u0148uje n\u011bkolik typ\u016f vysyp\u00e1v\u00e1n\u00ed odpadu. Manu\u00e1ln\u00ed vysyp\u00e1v\u00e1n\u00ed n\u00e1doby na odpad je um\u00edst\u011bno v zadn\u00ed pozici stroje na samostatn\u00fdch kole\u010dk\u00e1ch. Mechanick\u00e9 vysyp\u00e1v\u00e1n\u00ed n\u00e1doby na odpad je um\u00edst\u011bno v zadn\u00ed pozici stroje a je podporov\u00e1no pomoc\u00ed p\u00edstu. Elektrick\u00e9 vysyp\u00e1v\u00e1n\u00ed n\u00e1doby na odpad je um\u00edst\u011bno v zadn\u00ed pozici stroje a d\u011bje se pomoc\u00ed elektromotoru.<\/p>\n<hr \/>\n","protected":false},"excerpt":{"rendered":"<p>KR\u00c4NZLE 2 + 2 &nbsp; &nbsp; &nbsp; &nbsp; &nbsp; \u00dadaje o vybaven\u00ed: * ru\u010dn\u00ed zametac\u00ed stroj s dvojv\u00e1lcov\u00fdm p\u0159ehazovac\u00edm syst\u00e9mem * pracovn\u00ed \u0161\u00ed\u0159e 800 mm * z\u00e1chytn\u00fd ko\u0161 a schr\u00e1nka z n\u00e1razuvzdorn\u00e9ho ABS plastu * extra velk\u00e1 kola opl\u00e1\u0161t\u011bn\u00e1 p\u0159\u00edrodn\u00ed gumou pro optim\u00e1ln\u00ed p\u0159enos s\u00edly * z\u00e1chytn\u00e1 n\u00e1doba o objemu 40 litr\u016f * nylonov\u00e9 pracovn\u00ed <a href=\"https:\/\/anatra.cz\/?page_id=1212\" rel=\"nofollow\"><span class=\"sr-only\">P\u0159e\u010d\u00edst si v\u00edc oZametac\u00ed stroje<\/span>[&#8230;]<\/a><\/p>\n","protected":false},"author":1,"featured_media":0,"parent":1208,"menu_order":9,"comment_status":"closed","ping_status":"closed","template":"","meta":{"footnotes":""},"class_list":["post-1212","page","type-page","status-publish","hentry"],"_links":{"self":[{"href":"https:\/\/anatra.cz\/index.php?rest_route=\/wp\/v2\/pages\/1212","targetHints":{"allow":["GET"]}}],"collection":[{"href":"https:\/\/anatra.cz\/index.php?rest_route=\/wp\/v2\/pages"}],"about":[{"href":"https:\/\/anatra.cz\/index.php?rest_route=\/wp\/v2\/types\/page"}],"author":[{"embeddable":true,"href":"https:\/\/anatra.cz\/index.php?rest_route=\/wp\/v2\/users\/1"}],"replies":[{"embeddable":true,"href":"https:\/\/anatra.cz\/index.php?rest_route=%2Fwp%2Fv2%2Fcomments&post=1212"}],"version-history":[{"count":68,"href":"https:\/\/anatra.cz\/index.php?rest_route=\/wp\/v2\/pages\/1212\/revisions"}],"predecessor-version":[{"id":5658,"href":"https:\/\/anatra.cz\/index.php?rest_route=\/wp\/v2\/pages\/1212\/revisions\/5658"}],"up":[{"embeddable":true,"href":"https:\/\/anatra.cz\/index.php?rest_route=\/wp\/v2\/pages\/1208"}],"wp:attachment":[{"href":"https:\/\/anatra.cz\/index.php?rest_route=%2Fwp%2Fv2%2Fmedia&parent=1212"}],"curies":[{"name":"wp","href":"https:\/\/api.w.org\/{rel}","templated":true}]}}